ase 4
-2
-17 (base 8) to base 6
-23
What is -11 (base 11) in base 4?
-30
Convert -134 (base 5) to base 4.
-230
What is -9 (base 10) in base 2?
-1001
12 (base 10) to base 7
15
-322 (base 4) to base 13
-46
What is -120 (base 3) in base 5?
-30
11001 (base 2) to base 15
1a
Convert 0 (base 15) to base 8.
0
-3 (base 11) to base 6
-3
Convert 122 (base 6) to base 7.
101
What is -3 (base 15) in base 12?
-3
91 (base 10) to base 5
331
Convert -2 (base 13) to base 2.
-10
What is -1000 (base 2) in base 10?
-8
18 (base 15) to base 3
212
Convert -27 (base 10) to base 9.
-30
-1 (base 6) to base 3
-1
0 (base 12) to base 9
0
-1d (base 15) to base 4
-130
-5 (base 12) to base 3
-12
What is -11 (base 14) in base 15?
-10
What is 110 (base 3) in base 10?
12
Convert -152 (base 6) to base 2.
-1000100
What is 1000111 (base 2) in base 12?
5b
Convert -12 (base 6) to base 10.
-8
What is -204 (base 5) in base 12?
-46
Convert -2 (base 7) to base 10.
-2
What is 10 (base 16) in base 7?
22
13 (base 4) to base 7
10
10 (base 6) to base 14
6
Convert -36 (base 15) to base 11.
-47
Convert -19 (base 15) to base 9.
-26
Convert 6 (base 13) to base 11.
6
13 (base 14) to base 16
11
1 (base 12) to base 16
1
39 (base 13) to base 10
48
-10 (base 2) to base 14
-2
What is -117 (base 10) in base 8?
-165
What is 1 (base 10) in base 9?
1
What is 2 (base 7) in base 2?
10
What is -18 (base 9) in base 7?
-23
Convert -164 (base 14) to base 8.
-434
13 (base 4) to base 14
7
Convert -8 (base 13) to base 8.
-10
What is 1c (base 15) in base 13?
21
What is -1102 (base 4) in base 8?
-122
-111 (base 5) to base 2
-11111
Convert 35 (base 13) to base 10.
44
11 (base 6) to base 8
7
What is 214 (base 7) in base 16?
6d
-4 (base 5) to base 16
-4
What is 1 (base 8) in base 10?
1
Convert 1000110 (base 2) to base 3.
2121
What is 0 (base 8) in base 15?
0
What is -e (base 15) in base 13?
-11
Convert 99 (base 13) to base 3.
11200
223 (base 6) to base 7
153
b (base 14) to base 5
21
What is -10000 (base 2) in base 16?
-10
What is 0 (base 8) in base 11?
0
-3 (base 4) to base 8
-3
Convert -132 (base 4) to base 11.
-28
What is -42 (base 6) in base 10?
-26
-222 (base 5) to base 9
-68
What is 19 (base 15) in base 2?
11000
-3b (base 12) to base 2
-101111
What is 220 (base 3) in base 2?
11000
3 (base 14) to base 15
3
-1 (base 15) to base 11
-1
61 (base 7) to base 11
3a
What is -a (base 15) in base 13?
-a
What is 31 (base 5) in base 6?
24
Convert -3 (base 16) to base 7.
-3
-1 (base 5) to base 6
-1
-4b (base 16) to base 10
-75
What is -2 (base 9) in base 13?
-2
0 (base 12) to base 15
0
Convert -4 (base 15) to base 6.
-4
2333 (base 4) to base 10
191
Convert 1c (base 14) to base 5.
101
What is 3 (base 13) in base 12?
3
422 (base 8) to base 13
181
What is 3 (base 9) in base 4?
3
What is -1d (base 14) in base 10?
-27
Convert -37 (base 15) to base 8.
-64
Convert 7 (base 10) to base 3.
21
-14 (base 8) to base 6
-20
Convert 0 (base 15) to base 3.
0
-6 (base 8) to base 7
-6
What is 3c (base 15) in base 9?
63
-5 (base 7) to base 13
-5
-10 (base 4) to base 5
-4
What is 1 (base 12) in base 5?
1
5 (base 14) to base 8
5
-55 (base 11) to base 5
-220
-3 (base 13) to base 16
-3
-1050 (base 6) to base 2
-11110110
What is -35 (base 7) in base 12?
-22
3 (base 8) to base 15
3
-153 (base 9) to base 14
-93
-100 (base 3) to base 7
-12
Convert -24 (base 7) to base 5.
-33
What is -3 (base 5) in base 16?
-3
What is 132 (base 6) in base 2?
111000
442 (base 5) to base 4
1322
158 (base 9) to base 2
10000110
Convert 366 (base 9) to base 7.
612
What is -7 (base 14) in base 8?
-7
Convert 0 (base 12) to base 7.
0
Convert 53 (base 11) to base 3.
2011
What is 450 (base 7) in base 16?
e7
What is -31 (base 15) in base 9?
-51
What is 14 (base 8) in base 11?
11
Convert -4 (base 10) to base 9.
-4
What is 29 (base 13) in base 3?
1022
Convert 24 (base 10) to base 12.
20
-1 (base 10) to base 11
-1
Convert 20201 (base 3) to base 5.
1211
-cc (base 13) to base 2
-10101000
What is -119 (base 12) in base 15?
-b0
What is 21 (base 7) in base 8?
17
223 (base 4) to base 11
3a
13 (base 16) to base 4
103
What is -1a (base 13) in base 12?
-1b
1 (base 8) to base 11
1
What is 9 (base 13) in base 12?
9
-22 (base 8) to base 10
-18
What is 130 (base 4) in base 9?
31
-43 (base 14) to base 2
-111011
99 (base 10) to base 16
63
Convert -1 (base 7) to base 12.
-1
What is -58 (base 10) in base 5?
-213
-12 (base 11) to base 10
-13
What is 100 (base 2) in base 16?
4
What is 11 (base 3) in base 8?
4
What is -4 (base 16) in base 9?
-4
11 (base 3) to base 12
4
What is -8 (base 11) in base 3?
-22
What is 333 (base 5) in base 7?
162
5 (base 16) to base 4
11
2 (base 11) to base 2
10
-1 (base 3) to base 8
-1
What is -2 (base 10) in base 8?
-2
-3 (base 10) to base 5
-3
Convert -111 (base 3) to base 10.
-13
What is -30 (base 10) in base 6?
-50
-1 (base 10) to base 2
-1
What is 10 (base 2) in base 3?
2
Convert 6 (base 8) to base 2.
110
What is -6 (base 11) in base 6?
-10
What is 4 (base 7) in base 9?
4
Convert 110 (base 4) to base 9.
22
Convert 2b (base 15) to base 14.
2d
Convert a9 (base 13) to base 8.
213
What is 222 (base 3) in base 11?
24
Convert -1 (base 16) to base 4.
-1
What is -11 (base 5) in base 6?
-10
Convert 3 (base 7) to base 6.
3
Convert -101 (base 2) to base 15.
-5
What is -31 (base 14) in base 9?
-47
What is 2 (base 5) in base 12?
2
What is -3 (base 8) in base 4?
-3
101 (base 11) to base 10
122
What is -32 (base 13) in base 16?
-29
Convert 13 (base 16) to base 12.
17
Convert 140 (base 16) to base 7.
635
-11222 (base 3) to base 6
-342
Convert -7 (base 14) to base 11.
-7
What is 220 (base 3) in base 12?
20
Convert 10 (base 5) to base 3.
12
What is 17 (base 8) in base 3?
120
What is 69 (base 10) in base 13?
54
What is -12 (base 3) in base 14?
-5
Convert -147 (base 8) to base 4.
-1213
What is 31 (base 10) in base 11?
29
What is -8 (base 11) in base 8?
-10
What is 21 (base 14) in base 16?
1d
Convert -21 (base 14) to base 8.
-35
-33 (base 5) to base 6
-30
-1 (base 3) to base 2
-1
What is 1 (base 13) in base 7?
1
Convert 15 (base 13) to base 3.
200
Convert 125 (base 7) to base 14.
4c
1000011 (base 2) to base 8
103
What is -64 (base 7) in base 11?
-42
What is -120 (base 5) in base 16?
-23
What is 0 (base 2) in base 9?
0
What is 0 (base 16) in base 8?
0
What is 21 (base 8) in base 13?
14
-1101 (base 2) to base 12
-11
Convert -2 (base 11) to base 16.
-2
Convert 315 (base 8) to base 12.
151
Convert 2 (base 13) to base 10.
2
71 (base 10) to base 9
78
Convert 1 (base 4) to base 10.
1
20 (base 7) to base 5
24
What is b3 (base 14) in base 15?
a7
What is 22 (base 4) in base 12?
a
What is -10 (base 7) in base 5?
-12
11 (base 5) to base 3
20
Convert -264 (base 9) to base 2.
-11011100
10 (base 9) to base 12
9
101010 (base 2) to base 16
2a
Convert -2 (base 14) to base 12.
-2
1000 (base 5) to base 11
104
Convert -33 (base 6) to base 2.
-10101
Convert 5 (base 11) to base 3.
12
-102 (base 3) to base 6
-15
Convert -20 (base 11) to base 14.
-18
126 (base 15) to base 3
100200
What is -16 (base 14) in base 3?
-202
Convert -1011 (base 3) to base 4.
-133
Convert -1303 (base 4) to base 13.
-8b
Convert 100 (base 6) to base 5.
121
What is -a (base 16) in base 13?
-a
15 (base 8) to base 15
d
What is 101 (base 2) in base 5?
10
Convert -8 (base 12) to base 5.
-13
What is 320 (base 5) in base 6?
221
Convert -4 (base 5) to base 8.
-4
What is 4b (base 16) in base 10?
75
Convert 335 (base 6) to base 4.
2003
What is 5 (base 9) in base 11?
5
What is -1a (base 13) in base 10?
-23
Convert -1 (base 16) to base 7.
-1
18 (base 11) to base 2
10011
What is -103 (base 11) in base 3?
-11121
-10011 (base 2) to base 13
-16
-43 (base 7) to base 14
-23
What is 0 (base 15) in base 11?
0
Convert 11 (base 4) to base 14.
5
Convert 42 (base 12) to base 11.
46
-11 (base 3) to base 4
-10
4 (base 8) to base 16
4
What is -11 (base 2) in base 6?
-3
Convert -2 (base 10) to base 2.
-10
Convert -2020 (base 3) to base 8.
-74
100 (base 2) to base 11
4
What is b (base 14) in base 12?
b
123 (base 7) to base 6
150
Convert 17 (base 13) to base 4.
110
Convert -354 (base 7) to base 3.
-20220
Convert 12 (base 3) to base 10.
5
Convert 180 (base 9) to base 7.
306
What is -1 (base 15) in base 13?
-1
What is 19 (base 15) in base 13?
1b
10000 (base 2) to base 10
16